{"id":11,"date":"2011-06-27T10:36:50","date_gmt":"2011-06-27T08:36:50","guid":{"rendered":"http:\/\/www.zerfallskonstante.de\/?page_id=11"},"modified":"2023-11-23T21:42:04","modified_gmt":"2023-11-23T20:42:04","slug":"about","status":"publish","type":"page","link":"https:\/\/www.zerfallskonstante.de\/?page_id=11","title":{"rendered":"about"},"content":{"rendered":"<p>Die ver\u00f6ffentlichen <a href=\"https:\/\/montagewerke.homeip.net\" title=\"Artikel\" target=\"_blank\" rel=\"noopener\">Artikel<\/a> sollen mir einzig und alleine als Ged\u00e4chtnisst\u00fctze bei der Administration von Computersystemen dienen. Ich vergesse gern mal das eine oder andere bzw. habe keine Lust immer eine txt-Datei mit den gesammelten <a href=\"http:\/\/elib.dlr.de\/12319\/\" title=\"Howtos\" target=\"_blank\" rel=\"noopener\">Howtos<\/a> mit mir herumzuschleppen.<\/p>\n","protected":false},"excerpt":{"rendered":"<p>Die ver\u00f6ffentlichen Artikel sollen mir einzig und alleine als Ged\u00e4chtnisst\u00fctze bei der Administration von Computersystemen dienen. Ich vergesse gern mal das eine oder andere bzw. habe keine Lust immer eine txt-Datei mit den gesammelten Howtos mit mir herumzuschleppen.<\/p>\n","protected":false},"author":1,"featured_media":0,"parent":0,"menu_order":0,"comment_status":"open","ping_status":"open","template":"","meta":{"footnotes":""},"class_list":["post-11","page","type-page","status-publish","hentry"],"_links":{"self":[{"href":"https:\/\/www.zerfallskonstante.de\/index.php?rest_route=\/wp\/v2\/pages\/11","targetHints":{"allow":["GET"]}}],"collection":[{"href":"https:\/\/www.zerfallskonstante.de\/index.php?rest_route=\/wp\/v2\/pages"}],"about":[{"href":"https:\/\/www.zerfallskonstante.de\/index.php?rest_route=\/wp\/v2\/types\/page"}],"author":[{"embeddable":true,"href":"https:\/\/www.zerfallskonstante.de\/index.php?rest_route=\/wp\/v2\/users\/1"}],"replies":[{"embeddable":true,"href":"https:\/\/www.zerfallskonstante.de\/index.php?rest_route=%2Fwp%2Fv2%2Fcomments&post=11"}],"version-history":[{"count":8,"href":"https:\/\/www.zerfallskonstante.de\/index.php?rest_route=\/wp\/v2\/pages\/11\/revisions"}],"predecessor-version":[{"id":839,"href":"https:\/\/www.zerfallskonstante.de\/index.php?rest_route=\/wp\/v2\/pages\/11\/revisions\/839"}],"wp:attachment":[{"href":"https:\/\/www.zerfallskonstante.de\/index.php?rest_route=%2Fwp%2Fv2%2Fmedia&parent=11"}],"curies":[{"name":"wp","href":"https:\/\/api.w.org\/{rel}","templated":true}]}}